{"id":8,"date":"2022-10-09T12:53:52","date_gmt":"2022-10-09T10:53:52","guid":{"rendered":"http:\/\/uirhspn.cluster028.hosting.ovh.net\/pe61604\/?page_id=8"},"modified":"2025-07-10T01:04:05","modified_gmt":"2025-07-09T23:04:05","slug":"contact","status":"publish","type":"page","link":"https:\/\/inneradio.fm\/index.php\/contact\/","title":{"rendered":"Kontakt"},"content":{"rendered":"\n<p class=\"has-small-font-size\">e-mail :<br>biuro@inneradio.fm<\/p>\n\n\n\n<p class=\"has-small-font-size\">adres :<br>Inne Radio<br>ul. Karola Miarki 1<br>48-340 G\u0142ucho\u0142azy<\/p>\n\n\n\n<p class=\"has-small-font-size\"><strong>UWAGA  !<\/strong><br>w celu odwiedzin &#8211;<br>konieczne jest <br>wcze\u015bniejsze um\u00f3wienie wizyty<\/p>\n\n\n\n<p class=\"has-small-font-size\">telefony :<br>77 439 77 77 &#8211; Antena<br>77 439 22 22 &#8211; Redakcja<br><br>536 286 286 &#8211; automat zg\u0142oszeniowy<\/p>\n\n\n\n<ul class=\"wp-block-social-links is-layout-flex wp-block-social-links-is-layout-flex\"><li class=\"wp-social-link wp-social-link-facebook  wp-block-social-link\"><a href=\"https:\/\/www.facebook.com\/profile.php?id=61575570846054\" class=\"wp-block-social-link-anchor\"><svg width=\"24\" height=\"24\" viewBox=\"0 0 24 24\" version=\"1.1\" xmlns=\"http:\/\/www.w3.org\/2000\/svg\" aria-hidden=\"true\" focusable=\"false\"><path d=\"M12 2C6.5 2 2 6.5 2 12c0 5 3.7 9.1 8.4 9.9v-7H7.9V12h2.5V9.8c0-2.5 1.5-3.9 3.8-3.9 1.1 0 2.2.2 2.2.2v2.5h-1.3c-1.2 0-1.6.8-1.6 1.6V12h2.8l-.4 2.9h-2.3v7C18.3 21.1 22 17 22 12c0-5.5-4.5-10-10-10z\"><\/path><\/svg><span class=\"wp-block-social-link-label screen-reader-text\">Facebook<\/span><\/a><\/li><\/ul>\n\n\n\n<pre class=\"wp-block-verse\">przejd\u017a na nasz profil na Facebook'u<\/pre>\n\n\n\n<p><\/p>\n\n\n\n<p><\/p>\n","protected":false},"excerpt":{"rendered":"<p>e-mail :biuro@inneradio.fm adres :Inne Radioul. Karola Miarki 148-340 G\u0142ucho\u0142azy UWAGA !w celu odwiedzin &#8211;konieczne jest wcze\u015bniejsze um\u00f3wienie wizyty telefony :77 439 77 77 &#8211; Antena77 439 22 22 &#8211; Redakcja 536 286 286 &#8211; automat zg\u0142oszeniowy przejd\u017a na nasz profil na Facebook&#8217;u<\/p>\n","protected":false},"author":1,"featured_media":0,"parent":0,"menu_order":0,"comment_status":"closed","ping_status":"closed","template":"","meta":{"footnotes":""},"class_list":["post-8","page","type-page","status-publish","hentry"],"_links":{"self":[{"href":"https:\/\/inneradio.fm\/index.php\/wp-json\/wp\/v2\/pages\/8","targetHints":{"allow":["GET"]}}],"collection":[{"href":"https:\/\/inneradio.fm\/index.php\/wp-json\/wp\/v2\/pages"}],"about":[{"href":"https:\/\/inneradio.fm\/index.php\/wp-json\/wp\/v2\/types\/page"}],"author":[{"embeddable":true,"href":"https:\/\/inneradio.fm\/index.php\/wp-json\/wp\/v2\/users\/1"}],"replies":[{"embeddable":true,"href":"https:\/\/inneradio.fm\/index.php\/wp-json\/wp\/v2\/comments?post=8"}],"version-history":[{"count":13,"href":"https:\/\/inneradio.fm\/index.php\/wp-json\/wp\/v2\/pages\/8\/revisions"}],"predecessor-version":[{"id":236,"href":"https:\/\/inneradio.fm\/index.php\/wp-json\/wp\/v2\/pages\/8\/revisions\/236"}],"wp:attachment":[{"href":"https:\/\/inneradio.fm\/index.php\/wp-json\/wp\/v2\/media?parent=8"}],"curies":[{"name":"wp","href":"https:\/\/api.w.org\/{rel}","templated":true}]}}