{"id":7,"date":"2022-10-09T12:53:52","date_gmt":"2022-10-09T10:53:52","guid":{"rendered":"http:\/\/uirhspn.cluster028.hosting.ovh.net\/pe61604\/?page_id=7"},"modified":"2025-07-10T03:44:20","modified_gmt":"2025-07-10T01:44:20","slug":"about","status":"publish","type":"page","link":"https:\/\/inneradio.fm\/index.php\/about\/","title":{"rendered":"Historia i Tera\u017aniejszo\u015b\u0107"},"content":{"rendered":"\n<p class=\"has-text-align-center\">Aktualnie<br>&#8230;suszymy si\u0119 po powodzi&#8230;<\/p>\n\n\n\n<hr class=\"wp-block-separator has-alpha-channel-opacity\"\/>\n\n\n\n<p class=\"has-text-align-center\">Na pocz\u0105tku by\u0142&#8230; pstryk \ud83d\ude42 <br>01 czerwca 2019 roku o godz. 00:00:01<\/p>\n\n\n\n<figure class=\"wp-block-video\"><video height=\"360\" style=\"aspect-ratio: 640 \/ 360;\" width=\"640\" controls src=\"https:\/\/inneradio.fm\/wp-content\/uploads\/2025\/07\/start-radia-SD.mp4\"><\/video><\/figure>\n","protected":false},"excerpt":{"rendered":"<p>Aktualnie&#8230;suszymy si\u0119 po powodzi&#8230; Na pocz\u0105tku by\u0142&#8230; pstryk \ud83d\ude42 01 czerwca 2019 roku o godz. 00:00:01<\/p>\n","protected":false},"author":1,"featured_media":0,"parent":0,"menu_order":0,"comment_status":"closed","ping_status":"closed","template":"","meta":{"footnotes":""},"class_list":["post-7","page","type-page","status-publish","hentry"],"_links":{"self":[{"href":"https:\/\/inneradio.fm\/index.php\/wp-json\/wp\/v2\/pages\/7","targetHints":{"allow":["GET"]}}],"collection":[{"href":"https:\/\/inneradio.fm\/index.php\/wp-json\/wp\/v2\/pages"}],"about":[{"href":"https:\/\/inneradio.fm\/index.php\/wp-json\/wp\/v2\/types\/page"}],"author":[{"embeddable":true,"href":"https:\/\/inneradio.fm\/index.php\/wp-json\/wp\/v2\/users\/1"}],"replies":[{"embeddable":true,"href":"https:\/\/inneradio.fm\/index.php\/wp-json\/wp\/v2\/comments?post=7"}],"version-history":[{"count":5,"href":"https:\/\/inneradio.fm\/index.php\/wp-json\/wp\/v2\/pages\/7\/revisions"}],"predecessor-version":[{"id":260,"href":"https:\/\/inneradio.fm\/index.php\/wp-json\/wp\/v2\/pages\/7\/revisions\/260"}],"wp:attachment":[{"href":"https:\/\/inneradio.fm\/index.php\/wp-json\/wp\/v2\/media?parent=7"}],"curies":[{"name":"wp","href":"https:\/\/api.w.org\/{rel}","templated":true}]}}

Historia i Teraźniejszość

<p class="has-text-align-center">Aktualnie<br>&#8230;suszymy się po powodzi&#8230;</p>



<hr class="wp-block-separator has-alpha-channel-opacity"/>



<p class="has-text-align-center">Na początku był&#8230; pstryk 🙂 <br>01 czerwca 2019 roku o godz. 00:00:01</p>



<figure class="wp-block-video"><video height="360" style="aspect-ratio: 640 / 360;" width="640" controls src="https://inneradio.fm/wp-content/uploads/2025/07/start-radia-SD.mp4"></video></figure>

<p>Aktualnie&#8230;suszymy się po powodzi&#8230; Na początku był&#8230; pstryk 🙂 01 czerwca 2019 roku o godz. 00:00:01</p>
