{"id":122,"date":"2023-03-12T14:06:35","date_gmt":"2023-03-12T13:06:35","guid":{"rendered":"http:\/\/uirhspn.cluster028.hosting.ovh.net\/pe61604\/?page_id=122"},"modified":"2025-08-05T12:03:07","modified_gmt":"2025-08-05T10:03:07","slug":"nota-prawna","status":"publish","type":"page","link":"https:\/\/inneradio.fm\/index.php\/nota-prawna\/","title":{"rendered":"Nota Prawna"},"content":{"rendered":"\n<p class=\"has-small-font-size\">Spe\u0142niaj\u0105c obowi\u0105zek informacyjny <\/p>\n\n\n\n<p class=\"has-small-font-size\">okre\u015blony w Art.14a ust. 1 i 2 <br>Ustawy o Radiofonii i Telewizji [Dz.U. z 2022r. Poz. 1722] <br>&#8211; informujemy, \u017ce :<\/p>\n\n\n\n<p class=\"has-small-font-size\">1. <br>Zasadnicza nazwa nadawanego programu brzmi : &#8222;Inne Radio&#8221;,<br>nazwa i znak graficzny zosta\u0142y zg\u0142oszone i zastrze\u017cone <br>w Urz\u0119dzie Patentowym pod nr : <br>Z.455828 z 30.04.2016r. i R.291805 z 19.01.2017r. <br>oraz opublikowane w BUP dnia 30.06.2017r.<\/p>\n\n\n\n<p class=\"has-small-font-size\"><br>2. <br>Nadawca, stosownie do potrzeb <br>u\u017cywa rozszerze\u0144 i wyr\u00f3\u017cnik\u00f3w np.:<br>&#8222;Inne Radio w G\u0142ucho\u0142azach&#8221;, &#8222;Inne Radio 105i2&#8221;, <br>&#8222;Inne Radio &#8211; w G\u0142ucho\u0142azach i okolicy 105i2&#8221;<br>oraz inne, stosownie do zastosowania &#8211; <br>zawieraj\u0105ce has\u0142o &#8222;Inne Radio\u2026&#8221;<\/p>\n\n\n\n<p class=\"has-small-font-size\"><br>3. <br>Program radiowy i pochodne przekazy <br>s\u0105 tworzone i nadawane na podstawie Koncesji <br>Krajowej Rady Radiofonii i Telewizji <br>z dnia 04 lutego 2019 roku nr 744\/2019-R<\/p>\n\n\n\n<p class=\"has-small-font-size\"><br>4.1. <br>Nadawc\u0105 programu i operatorem rozg\u0142o\u015bni &#8222;Inne Radio&#8221; <br>jest podmiot gospodarczy :<br>EMED , ul. Rycerska 10 A, 42-202 Cz\u0119stochowa, Polska (PL)<br>NIP 5731643040 REGON 241281848<br><br>4.2.<br>EMED nie jest sp\u00f3\u0142k\u0105 (w \u017cadnej odmianie) <br>oraz nie posiada statusu du\u017cego przedsi\u0119biorcy <br>w rozumieniu ustawy z dnia 08 marca 2013 roku <br>o przeciwdzia\u0142aniu nadmiernym op\u00f3\u017anieniom <br>w transakcjach handlowych.<br><br>5. <br>EMED dzia\u0142a na kilku p\u0142aszczyznach gospodarczych, <br>dlatego za poszczeg\u00f3lne obszary <br>odpowiedzialni s\u0105 w\u0142a\u015bciwi dyrektorzy. <br>Za dzia\u0142alno\u015b\u0107 radiow\u0105 i medialn\u0105 <br>odpowiedzialny jest : <strong>Dariusz Mokwa<\/strong><br>notarialnie ustanowiony dyrektor pe\u0142nomocny i redaktor naczelny,<br>Aktem Notarialnym upowa\u017cniony w pe\u0142ni<br>[Notariusz Agnieszka \u017bem\u0142a Rep. 892\/2015 i Rep. 1119\/2016]<\/p>\n\n\n\n<p class=\"has-small-font-size\"><br>6. <br>Siedziba rozg\u0142o\u015bni g\u0142\u00f3wnej znajduje si\u0119 pod adresem <br>b\u0119d\u0105cym r\u00f3wnie\u017c adresem korespondencyjnym : <br>48-340 G\u0142ucho\u0142azy, ul. Karola Miarki 1<br>tel. 77 439 7777 \/ 536 286 286<br>adres poczty elektronicznej : <br><strong>biuro@inneradio.fm<\/strong><\/p>\n\n\n\n<p class=\"has-small-font-size\"><br>7. <br>EMED nie posiada beneficjent\u00f3w rzeczywistych, <br>w rozumieniu Art. 55 ustawy z dnia 01 marca 2018 roku <br>o przeciwdzia\u0142aniu praniu pieni\u0119dzy <br>oraz finansowaniu terroryzmu <br>[Dz.U. z 2022 r. Poz. 593, 655, 835]<\/p>\n\n\n\n<p class=\"has-small-font-size\"><br>8. <br>Nadawca nadaje program tworzony przez siebie <br>oraz we wsp\u00f3\u0142pracy z wybranymi podmiotami &#8211;<br>na cz\u0119stotliwo\u015bci <strong>105,2 MHz<\/strong>, w modulacji <strong>FM<\/strong> <br>na podstawie Pozwolenia Radiowego <br>Urz\u0119du Komunikacji Elektronicznej, <br>a tak\u017ce strumieniem audio na platformach internetowych, <br>pod adresami dost\u0119pnymi w mediach spo\u0142eczno\u015bciowych.<br>Nadawca nie jest wydawc\u0105 <br>dziennik\u00f3w, czasopism, periodyk\u00f3w, <br>nie jest producentem, nadawc\u0105, po\u015brednikiem przekazu video <br>i nie prowadzi innej formy dzia\u0142alno\u015bci medialnej, <br>w rozumieniu Art. 4 pkt 14 i innych, <br>Ustawy o ochronie konkurencji i konsument\u00f3w <br>[Dz.U. z 2021 r. Poz.275]<\/p>\n\n\n\n<p class=\"has-small-font-size\">9. <br>Nadawca informuje, \u017ce podlega jurysdykcji prawnej <br>Rzeczypospolitej Polskiej, <br>a organem w\u0142a\u015bciwym w sprawach radiofonii jest :<br>Krajowa Rada Radiofonii i Telewizji <br>z siedzib\u0105 w Warszawie, Skwer Kard. Wyszy\u0144skiego 9<\/p>\n\n\n\n<p class=\"has-small-font-size\">10. <br>Dyrektor rozg\u0142o\u015bni informuje, \u017ce <br><strong>os\u00f3b wcze\u015bniej nieum\u00f3wionych &#8211; nie przyjmujemy,<\/strong><br>a odpowiedzi na skargi, wnioski i inn\u0105 korespondencj\u0119 <br>udzielane s\u0105 niezw\u0142ocznie po ich rozpatrzeniu<\/p>\n\n\n\n<p class=\"has-small-font-size\">11. <br>Materia\u0142\u00f3w niezam\u00f3wionych nadawca nie publikuje<br>i nie ponosi \u017cadnych konsekwencji ich wyprodukowania, <br>dostarczenia czy przes\u0142ania<br><br>12. <br>Wszelkie, wy\u017cej nie uj\u0119te sprawy sporne <br>b\u0119d\u0105 rozpatrywane przez odpowiedni s\u0105d, <br>w\u0142a\u015bciwy dla siedziby rozg\u0142o\u015bni<br><br>13.<br>Powy\u017csza Nota Prawna <br>wyczerpuje obowi\u0105zek informacyjny <br>zawarty w Ustawie przywo\u0142anej na wst\u0119pie.<br><br>(C)  Tre\u015b\u0107 powy\u017cszej Noty <br>stanowi w\u0142asno\u015b\u0107 intelektualn\u0105 EMED<br>&#8211; prawem chronion\u0105.<\/p>\n","protected":false},"excerpt":{"rendered":"<p>Spe\u0142niaj\u0105c obowi\u0105zek informacyjny okre\u015blony w Art.14a ust. 1 i 2 Ustawy o Radiofonii i Telewizji [Dz.U. z 2022r. Poz. 1722] &#8211; informujemy, \u017ce : 1. Zasadnicza nazwa nadawanego programu brzmi : &#8222;Inne Radio&#8221;,nazwa i znak graficzny zosta\u0142y zg\u0142oszone i zastrze\u017cone w Urz\u0119dzie Patentowym pod nr : Z.455828 z 30.04.2016r. i R.291805 z 19.01.2017r. oraz opublikowane [&hellip;]<\/p>\n","protected":false},"author":1,"featured_media":0,"parent":0,"menu_order":0,"comment_status":"closed","ping_status":"closed","template":"","meta":{"footnotes":""},"class_list":["post-122","page","type-page","status-publish","hentry"],"_links":{"self":[{"href":"https:\/\/inneradio.fm\/index.php\/wp-json\/wp\/v2\/pages\/122","targetHints":{"allow":["GET"]}}],"collection":[{"href":"https:\/\/inneradio.fm\/index.php\/wp-json\/wp\/v2\/pages"}],"about":[{"href":"https:\/\/inneradio.fm\/index.php\/wp-json\/wp\/v2\/types\/page"}],"author":[{"embeddable":true,"href":"https:\/\/inneradio.fm\/index.php\/wp-json\/wp\/v2\/users\/1"}],"replies":[{"embeddable":true,"href":"https:\/\/inneradio.fm\/index.php\/wp-json\/wp\/v2\/comments?post=122"}],"version-history":[{"count":20,"href":"https:\/\/inneradio.fm\/index.php\/wp-json\/wp\/v2\/pages\/122\/revisions"}],"predecessor-version":[{"id":258,"href":"https:\/\/inneradio.fm\/index.php\/wp-json\/wp\/v2\/pages\/122\/revisions\/258"}],"wp:attachment":[{"href":"https:\/\/inneradio.fm\/index.php\/wp-json\/wp\/v2\/media?parent=122"}],"curies":[{"name":"wp","href":"https:\/\/api.w.org\/{rel}","templated":true}]}}

<p class="has-small-font-size">Spełniając obowiązek informacyjny </p>



<p class="has-small-font-size">określony w Art.14a ust. 1 i 2 <br>Ustawy o Radiofonii i Telewizji [Dz.U. z 2022r. Poz. 1722] <br>&#8211; informujemy, że :</p>



<p class="has-small-font-size">1. <br>Zasadnicza nazwa nadawanego programu brzmi : &#8222;Inne Radio&#8221;,<br>nazwa i znak graficzny zostały zgłoszone i zastrzeżone <br>w Urzędzie Patentowym pod nr : <br>Z.455828 z 30.04.2016r. i R.291805 z 19.01.2017r. <br>oraz opublikowane w BUP dnia 30.06.2017r.</p>



<p class="has-small-font-size"><br>2. <br>Nadawca, stosownie do potrzeb <br>używa rozszerzeń i wyróżników np.:<br>&#8222;Inne Radio w Głuchołazach&#8221;, &#8222;Inne Radio 105i2&#8221;, <br>&#8222;Inne Radio &#8211; w Głuchołazach i okolicy 105i2&#8221;<br>oraz inne, stosownie do zastosowania &#8211; <br>zawierające hasło &#8222;Inne Radio…&#8221;</p>



<p class="has-small-font-size"><br>3. <br>Program radiowy i pochodne przekazy <br>są tworzone i nadawane na podstawie Koncesji <br>Krajowej Rady Radiofonii i Telewizji <br>z dnia 04 lutego 2019 roku nr 744/2019-R</p>



<p class="has-small-font-size"><br>4.1. <br>Nadawcą programu i operatorem rozgłośni &#8222;Inne Radio&#8221; <br>jest podmiot gospodarczy :<br>EMED , ul. Rycerska 10 A, 42-202 Częstochowa, Polska (PL)<br>NIP 5731643040 REGON 241281848<br><br>4.2.<br>EMED nie jest spółką (w żadnej odmianie) <br>oraz nie posiada statusu dużego przedsiębiorcy <br>w rozumieniu ustawy z dnia 08 marca 2013 roku <br>o przeciwdziałaniu nadmiernym opóźnieniom <br>w transakcjach handlowych.<br><br>5. <br>EMED działa na kilku płaszczyznach gospodarczych, <br>dlatego za poszczególne obszary <br>odpowiedzialni są właściwi dyrektorzy. <br>Za działalność radiową i medialną <br>odpowiedzialny jest : <strong>Dariusz Mokwa</strong><br>notarialnie ustanowiony dyrektor pełnomocny i redaktor naczelny,<br>Aktem Notarialnym upoważniony w pełni<br>[Notariusz Agnieszka Żemła Rep. 892/2015 i Rep. 1119/2016]</p>



<p class="has-small-font-size"><br>6. <br>Siedziba rozgłośni głównej znajduje się pod adresem <br>będącym również adresem korespondencyjnym : <br>48-340 Głuchołazy, ul. Karola Miarki 1<br>tel. 77 439 7777 / 536 286 286<br>adres poczty elektronicznej : <br><strong>biuro@inneradio.fm</strong></p>



<p class="has-small-font-size"><br>7. <br>EMED nie posiada beneficjentów rzeczywistych, <br>w rozumieniu Art. 55 ustawy z dnia 01 marca 2018 roku <br>o przeciwdziałaniu praniu pieniędzy <br>oraz finansowaniu terroryzmu <br>[Dz.U. z 2022 r. Poz. 593, 655, 835]</p>



<p class="has-small-font-size"><br>8. <br>Nadawca nadaje program tworzony przez siebie <br>oraz we współpracy z wybranymi podmiotami &#8211;<br>na częstotliwości <strong>105,2 MHz</strong>, w modulacji <strong>FM</strong> <br>na podstawie Pozwolenia Radiowego <br>Urzędu Komunikacji Elektronicznej, <br>a także strumieniem audio na platformach internetowych, <br>pod adresami dostępnymi w mediach społecznościowych.<br>Nadawca nie jest wydawcą <br>dzienników, czasopism, periodyków, <br>nie jest producentem, nadawcą, pośrednikiem przekazu video <br>i nie prowadzi innej formy działalności medialnej, <br>w rozumieniu Art. 4 pkt 14 i innych, <br>Ustawy o ochronie konkurencji i konsumentów <br>[Dz.U. z 2021 r. Poz.275]</p>



<p class="has-small-font-size">9. <br>Nadawca informuje, że podlega jurysdykcji prawnej <br>Rzeczypospolitej Polskiej, <br>a organem właściwym w sprawach radiofonii jest :<br>Krajowa Rada Radiofonii i Telewizji <br>z siedzibą w Warszawie, Skwer Kard. Wyszyńskiego 9</p>



<p class="has-small-font-size">10. <br>Dyrektor rozgłośni informuje, że <br><strong>osób wcześniej nieumówionych &#8211; nie przyjmujemy,</strong><br>a odpowiedzi na skargi, wnioski i inną korespondencję <br>udzielane są niezwłocznie po ich rozpatrzeniu</p>



<p class="has-small-font-size">11. <br>Materiałów niezamówionych nadawca nie publikuje<br>i nie ponosi żadnych konsekwencji ich wyprodukowania, <br>dostarczenia czy przesłania<br><br>12. <br>Wszelkie, wyżej nie ujęte sprawy sporne <br>będą rozpatrywane przez odpowiedni sąd, <br>właściwy dla siedziby rozgłośni<br><br>13.<br>Powyższa Nota Prawna <br>wyczerpuje obowiązek informacyjny <br>zawarty w Ustawie przywołanej na wstępie.<br><br>(C)  Treść powyższej Noty <br>stanowi własność intelektualną EMED<br>&#8211; prawem chronioną.</p>

<p>Spełniając obowiązek informacyjny określony w Art.14a ust. 1 i 2 Ustawy o Radiofonii i Telewizji [Dz.U. z 2022r. Poz. 1722] &#8211; informujemy, że : 1. Zasadnicza nazwa nadawanego programu brzmi : &#8222;Inne Radio&#8221;,nazwa i znak graficzny zostały zgłoszone i zastrzeżone w Urzędzie Patentowym pod nr : Z.455828 z 30.04.2016r. i R.291805 z 19.01.2017r. oraz opublikowane [&hellip;]</p>
